{"id":12511,"date":"2021-08-17T12:31:44","date_gmt":"2021-08-17T15:31:44","guid":{"rendered":"https:\/\/ocaa.org.br\/?post_type=evento&#038;p=12511"},"modified":"2021-08-17T12:43:06","modified_gmt":"2021-08-17T15:43:06","slug":"26-08-inscreva-se-para-o-proximo-encontro-do-ocaa-sobre-a-crise-hidrica-e-o-papel-do-setor-produtivo-na-amazonia","status":"publish","type":"evento","link":"https:\/\/ocaa.org.br\/en\/evento\/26-08-inscreva-se-para-o-proximo-encontro-do-ocaa-sobre-a-crise-hidrica-e-o-papel-do-setor-produtivo-na-amazonia\/","title":{"rendered":"26\/08: Inscreva-se para o pr\u00f3ximo encontro do OCAA sobre a crise h\u00eddrica e o papel do setor produtivo na Amaz\u00f4nia"},"content":{"rendered":"<p>O Observat\u00f3rio de Com\u00e9rcio e Ambiente na Amaz\u00f4nia (OCAA) abriu inscri\u00e7\u00f5es para participar do pr\u00f3ximo encontro, que ser\u00e1 no dia 26\/08. No webin\u00e1rio deste m\u00eas, o OCAA reunir\u00e1 representantes da academia, do agroneg\u00f3cio, do governo e da sociedade civil para discutir a import\u00e2ncia da manuten\u00e7\u00e3o dos ciclos h\u00eddricos para o agroneg\u00f3cio na Amaz\u00f4nia.<\/p>\n<p>Venha entender o que \u00e9 \u201cagro-suic\u00eddio\u201d, como o setor produtivo impacta e \u00e9 impactado pela crise h\u00eddrica, e quais s\u00e3o as solu\u00e7\u00f5es que o agro brasileiro pode oferecer para combater a emerg\u00eancia clim\u00e1tica. O debate ser\u00e1 transmitido ao vivo, em portugu\u00eas.<\/p>\n<p style=\"text-align: center;\"><img loading=\"lazy\" class=\"alignnone size-medium wp-image-12504\" src=\"https:\/\/ocaa.org.br\/wp-content\/uploads\/2021\/08\/OCAA-Webinars-V01_OCAAWebinarEp01-Master-Pt-1-300x300.png\" alt=\"\" width=\"300\" height=\"300\" srcset=\"https:\/\/ocaa.org.br\/wp-content\/uploads\/2021\/08\/OCAA-Webinars-V01_OCAAWebinarEp01-Master-Pt-1-300x300.png 300w, https:\/\/ocaa.org.br\/wp-content\/uploads\/2021\/08\/OCAA-Webinars-V01_OCAAWebinarEp01-Master-Pt-1-1024x1024.png 1024w, https:\/\/ocaa.org.br\/wp-content\/uploads\/2021\/08\/OCAA-Webinars-V01_OCAAWebinarEp01-Master-Pt-1-150x150.png 150w, https:\/\/ocaa.org.br\/wp-content\/uploads\/2021\/08\/OCAA-Webinars-V01_OCAAWebinarEp01-Master-Pt-1-768x768.png 768w, https:\/\/ocaa.org.br\/wp-content\/uploads\/2021\/08\/OCAA-Webinars-V01_OCAAWebinarEp01-Master-Pt-1-1536x1536.png 1536w, https:\/\/ocaa.org.br\/wp-content\/uploads\/2021\/08\/OCAA-Webinars-V01_OCAAWebinarEp01-Master-Pt-1-2048x2048.png 2048w, https:\/\/ocaa.org.br\/wp-content\/uploads\/2021\/08\/OCAA-Webinars-V01_OCAAWebinarEp01-Master-Pt-1-650x650.png 650w, https:\/\/ocaa.org.br\/wp-content\/uploads\/2021\/08\/OCAA-Webinars-V01_OCAAWebinarEp01-Master-Pt-1-1300x1300.png 1300w\" sizes=\"(max-width: 300px) 100vw, 300px\" \/><\/p>\n<p><strong>A crise h\u00eddrica e o papel do setor produtivo na Amaz\u00f4nia<\/strong><br \/>\n<strong>Data: quinta-feira, 26 de agosto de 2021<\/strong><br \/>\n<strong>Hor\u00e1rio: 15h \u00e0s 16h30 (hor\u00e1rio de Bras\u00edlia)<\/strong><br \/>\n<a href=\"https:\/\/zoom.us\/webinar\/register\/WN_XNBu92MoS6GJ-p97Ai7NeQ\" target=\"_blank\" rel=\"noopener\">Inscreva-se<\/a><\/p>\n<p><strong>Agenda<\/strong><\/p>\n<ul>\n<li style=\"font-weight: 400;\" aria-level=\"1\"><span style=\"font-weight: 400;\">Abertura e exposi\u00e7\u00e3o de dados clim\u00e1ticos da Fazenda Tanguro &#8211; Ludmila Rattis, pesquisadora do IPAM e Woodwell Climate Research Center -15 min<\/span><\/li>\n<li style=\"font-weight: 400;\" aria-level=\"1\"><span style=\"font-weight: 400;\">Apresenta\u00e7\u00e3o do estudo Deforestation reduces rainfall and agricultural revenues in the Brazilian Amazon &#8211; Argemiro Leite Filho, pesquisador da Universidade Federal de Minas Gerais &#8211; 15 min<\/span><\/li>\n<li style=\"font-weight: 400;\" aria-level=\"1\"><span style=\"font-weight: 400;\">Debate com representantes do agroneg\u00f3cio e do governo &#8211; Marcello Brito, presidente da Associa\u00e7\u00e3o Brasileira do Agroneg\u00f3cio (Abag) e Raimundo Deusdar\u00e1 Filho, coordenador-geral de Informa\u00e7\u00f5es Estrat\u00e9gicas da Secretaria de Inova\u00e7\u00e3o, Desenvolvimento Rural e Irriga\u00e7\u00e3o do Minist\u00e9rio da Agricultura, Pecu\u00e1ria e Abastecimento do Brasil (Mapa)<\/span><\/li>\n<li style=\"font-weight: 400;\" aria-level=\"1\"><span style=\"font-weight: 400;\">Perguntas da audi\u00eancia &#8211; 30 min<\/span><\/li>\n<li style=\"font-weight: 400;\" aria-level=\"1\"><span style=\"font-weight: 400;\">Encerramento &#8211; 5 min<\/span><\/li>\n<\/ul>\n<p><strong>Sobre o OCAA<\/strong><\/p>\n<p>O OCAA \u00e9 uma plataforma que re\u00fane informa\u00e7\u00f5es qualificadas sobre as rela\u00e7\u00f5es entre com\u00e9rcio internacional e meio ambiente na Amaz\u00f4nia, estimulando o di\u00e1logo embasado na ci\u00eancia e o engajamento de diversos atores da sociedade.<\/p>\n<p>Foi idealizado por quatro organiza\u00e7\u00f5es da sociedade civil: Centro de Estudos de Integra\u00e7\u00e3o e Desenvolvimento (Cindes), Instituto Clima e Sociedade (iCS), Instituto do Homem e Meio Ambiente da Amaz\u00f4nia (Imazon) e Instituto de Pesquisa Ambiental da Amaz\u00f4nia (IPAM).<\/p>\n<p><a href=\"https:\/\/www.google.com\/url?q=https:\/\/tinyurl.com\/s7axyus3&amp;sa=D&amp;source=editors&amp;ust=1629217707761052&amp;usg=AOvVaw01gw1z6Tb0gdu9AeaKhWEU\" target=\"_blank\" rel=\"noopener\">Inscreva-se aqui<\/a> para receber as novidades do OCAA e siga nossa <a href=\"https:\/\/www.linkedin.com\/company\/ocaamazonia\/\" target=\"_blank\" rel=\"noopener\">p\u00e1gina no LinkedIn.<\/a><\/p>\n","protected":false},"featured_media":12514,"template":"","translation":{"provider":"WPGlobus","version":"2.7.3","language":"en","enabled_languages":["br","en","es"],"languages":{"br":{"title":true,"content":true,"excerpt":false},"en":{"title":false,"content":false,"excerpt":false},"es":{"title":false,"content":false,"excerpt":false}}},"_links":{"self":[{"href":"https:\/\/ocaa.org.br\/en\/wp-json\/wp\/v2\/evento\/12511"}],"collection":[{"href":"https:\/\/ocaa.org.br\/en\/wp-json\/wp\/v2\/evento"}],"about":[{"href":"https:\/\/ocaa.org.br\/en\/wp-json\/wp\/v2\/types\/evento"}],"wp:featuredmedia":[{"embeddable":true,"href":"https:\/\/ocaa.org.br\/en\/wp-json\/wp\/v2\/media\/12514"}],"wp:attachment":[{"href":"https:\/\/ocaa.org.br\/en\/wp-json\/wp\/v2\/media?parent=12511"}],"curies":[{"name":"wp","href":"https:\/\/api.w.org\/{rel}","templated":true}]}}

26/08: Inscreva-se para o próximo encontro do OCAA sobre a crise hídrica e o papel do setor produtivo na Amazônia

<p>O Observatório de Comércio e Ambiente na Amazônia (OCAA) abriu inscrições para participar do próximo encontro, que será no dia 26/08. No webinário deste mês, o OCAA reunirá representantes da academia, do agronegócio, do governo e da sociedade civil para discutir a importância da manutenção dos ciclos hídricos para o agronegócio na Amazônia.</p>
<p>Venha entender o que é “agro-suicídio”, como o setor produtivo impacta e é impactado pela crise hídrica, e quais são as soluções que o agro brasileiro pode oferecer para combater a emergência climática. O debate será transmitido ao vivo, em português.</p>
<p style="text-align: center;"><img loading="lazy" class="alignnone size-medium wp-image-12504" src="https://ocaa.org.br/wp-content/uploads/2021/08/OCAA-Webinars-V01_OCAAWebinarEp01-Master-Pt-1-300x300.png" alt="" width="300" height="300" srcset="https://ocaa.org.br/wp-content/uploads/2021/08/OCAA-Webinars-V01_OCAAWebinarEp01-Master-Pt-1-300x300.png 300w, https://ocaa.org.br/wp-content/uploads/2021/08/OCAA-Webinars-V01_OCAAWebinarEp01-Master-Pt-1-1024x1024.png 1024w, https://ocaa.org.br/wp-content/uploads/2021/08/OCAA-Webinars-V01_OCAAWebinarEp01-Master-Pt-1-150x150.png 150w, https://ocaa.org.br/wp-content/uploads/2021/08/OCAA-Webinars-V01_OCAAWebinarEp01-Master-Pt-1-768x768.png 768w, https://ocaa.org.br/wp-content/uploads/2021/08/OCAA-Webinars-V01_OCAAWebinarEp01-Master-Pt-1-1536x1536.png 1536w, https://ocaa.org.br/wp-content/uploads/2021/08/OCAA-Webinars-V01_OCAAWebinarEp01-Master-Pt-1-2048x2048.png 2048w, https://ocaa.org.br/wp-content/uploads/2021/08/OCAA-Webinars-V01_OCAAWebinarEp01-Master-Pt-1-650x650.png 650w, https://ocaa.org.br/wp-content/uploads/2021/08/OCAA-Webinars-V01_OCAAWebinarEp01-Master-Pt-1-1300x1300.png 1300w" sizes="(max-width: 300px) 100vw, 300px" /></p>
<p><strong>A crise hídrica e o papel do setor produtivo na Amazônia</strong><br />
<strong>Data: quinta-feira, 26 de agosto de 2021</strong><br />
<strong>Horário: 15h às 16h30 (horário de Brasília)</strong><br />
<a href="https://zoom.us/webinar/register/WN_XNBu92MoS6GJ-p97Ai7NeQ" target="_blank" rel="noopener">Inscreva-se</a></p>
<p><strong>Agenda</strong></p>
<ul>
<li style="font-weight: 400;" aria-level="1"><span style="font-weight: 400;">Abertura e exposição de dados climáticos da Fazenda Tanguro &#8211; Ludmila Rattis, pesquisadora do IPAM e Woodwell Climate Research Center -15 min</span></li>
<li style="font-weight: 400;" aria-level="1"><span style="font-weight: 400;">Apresentação do estudo Deforestation reduces rainfall and agricultural revenues in the Brazilian Amazon &#8211; Argemiro Leite Filho, pesquisador da Universidade Federal de Minas Gerais &#8211; 15 min</span></li>
<li style="font-weight: 400;" aria-level="1"><span style="font-weight: 400;">Debate com representantes do agronegócio e do governo &#8211; Marcello Brito, presidente da Associação Brasileira do Agronegócio (Abag) e Raimundo Deusdará Filho, coordenador-geral de Informações Estratégicas da Secretaria de Inovação, Desenvolvimento Rural e Irrigação do Ministério da Agricultura, Pecuária e Abastecimento do Brasil (Mapa)</span></li>
<li style="font-weight: 400;" aria-level="1"><span style="font-weight: 400;">Perguntas da audiência &#8211; 30 min</span></li>
<li style="font-weight: 400;" aria-level="1"><span style="font-weight: 400;">Encerramento &#8211; 5 min</span></li>
</ul>
<p><strong>Sobre o OCAA</strong></p>
<p>O OCAA é uma plataforma que reúne informações qualificadas sobre as relações entre comércio internacional e meio ambiente na Amazônia, estimulando o diálogo embasado na ciência e o engajamento de diversos atores da sociedade.</p>
<p>Foi idealizado por quatro organizações da sociedade civil: Centro de Estudos de Integração e Desenvolvimento (Cindes), Instituto Clima e Sociedade (iCS), Instituto do Homem e Meio Ambiente da Amazônia (Imazon) e Instituto de Pesquisa Ambiental da Amazônia (IPAM).</p>
<p><a href="https://www.google.com/url?q=https://tinyurl.com/s7axyus3&amp;sa=D&amp;source=editors&amp;ust=1629217707761052&amp;usg=AOvVaw01gw1z6Tb0gdu9AeaKhWEU" target="_blank" rel="noopener">Inscreva-se aqui</a> para receber as novidades do OCAA e siga nossa <a href="https://www.linkedin.com/company/ocaamazonia/" target="_blank" rel="noopener">página no LinkedIn.</a></p>
