{"id":11766,"date":"2021-05-03T14:52:44","date_gmt":"2021-05-03T17:52:44","guid":{"rendered":"https:\/\/ocaa.org.br\/?post_type=evento&#038;p=11766"},"modified":"2021-05-03T14:54:39","modified_gmt":"2021-05-03T17:54:39","slug":"economia-da-floresta-chamada-de-negocios-amaz","status":"publish","type":"evento","link":"https:\/\/ocaa.org.br\/es\/evento\/economia-da-floresta-chamada-de-negocios-amaz\/","title":{"rendered":"Econom\u00eda forestal + Llamada comercial &#8211; AMAZ"},"content":{"rendered":"<p>El evento reuni\u00f3 a expertos y empresarios del bosque para discutir temas relevantes para los negocios de Amazon\u00eda. Con la participaci\u00f3n de Ricardo Abramovay, Profesor Titular del Programa de Ciencias Ambientales de IEE \/ USP; Mariano Cenamo, director de nuevos negocios de Idesam y CEO de AMAZ Aceleradora de Impacto; Geferson Oliveira, director general de Navegam; y Ana Paula Nacimento, presidenta de Coex Caraj\u00e1s.<\/p>\n<p><iframe loading=\"lazy\" title=\"YouTube video player\" src=\"https:\/\/www.youtube.com\/embed\/fSGEeCx9Ywo\" width=\"560\" height=\"315\" frameborder=\"0\" allowfullscreen=\"allowfullscreen\"><\/iframe><\/p>\n","protected":false},"featured_media":0,"template":"","translation":{"provider":"WPGlobus","version":"2.7.3","language":"es","enabled_languages":["br","en","es"],"languages":{"br":{"title":true,"content":true,"excerpt":false},"en":{"title":true,"content":true,"excerpt":false},"es":{"title":true,"content":true,"excerpt":false}}},"_links":{"self":[{"href":"https:\/\/ocaa.org.br\/es\/wp-json\/wp\/v2\/evento\/11766"}],"collection":[{"href":"https:\/\/ocaa.org.br\/es\/wp-json\/wp\/v2\/evento"}],"about":[{"href":"https:\/\/ocaa.org.br\/es\/wp-json\/wp\/v2\/types\/evento"}],"wp:attachment":[{"href":"https:\/\/ocaa.org.br\/es\/wp-json\/wp\/v2\/media?parent=11766"}],"curies":[{"name":"wp","href":"https:\/\/api.w.org\/{rel}","templated":true}]}}

Economía forestal + Llamada comercial &#8211; AMAZ

<p>El evento reunió a expertos y empresarios del bosque para discutir temas relevantes para los negocios de Amazonía. Con la participación de Ricardo Abramovay, Profesor Titular del Programa de Ciencias Ambientales de IEE / USP; Mariano Cenamo, director de nuevos negocios de Idesam y CEO de AMAZ Aceleradora de Impacto; Geferson Oliveira, director general de Navegam; y Ana Paula Nacimento, presidenta de Coex Carajás.</p>
<p><iframe loading="lazy" title="YouTube video player" src="https://www.youtube.com/embed/fSGEeCx9Ywo" width="560" height="315" frameborder="0" allowfullscreen="allowfullscreen"></iframe></p>
