{"id":9602,"date":"2020-12-16T09:26:53","date_gmt":"2020-12-16T12:26:53","guid":{"rendered":"https:\/\/ocaa.org.br\/?post_type=evento&#038;p=9602"},"modified":"2021-01-18T16:49:02","modified_gmt":"2021-01-18T19:49:02","slug":"acordo-ue-mercosul-por-que-o-brasil-precisa-de-medidas-concretas-contra-o-desmatamento","status":"publish","type":"evento","link":"https:\/\/ocaa.org.br\/es\/evento\/acordo-ue-mercosul-por-que-o-brasil-precisa-de-medidas-concretas-contra-o-desmatamento\/","title":{"rendered":"Acuerdo UE &#8211; Mercosur &#8211; \u00bfpor qu\u00e9 Brasil necesita medidas concretas contra la deforestaci\u00f3n?"},"content":{"rendered":"<p>El panel analiza las correlaciones entre el debate de la Uni\u00f3n Europea sobre el Green Deal, las negociaciones con Mercosur y el escenario de emergencia clim\u00e1tica global.<\/p>\n","protected":false},"featured_media":0,"template":"","translation":{"provider":"WPGlobus","version":"2.7.3","language":"es","enabled_languages":["br","en","es"],"languages":{"br":{"title":true,"content":true,"excerpt":false},"en":{"title":true,"content":true,"excerpt":false},"es":{"title":true,"content":true,"excerpt":false}}},"_links":{"self":[{"href":"https:\/\/ocaa.org.br\/es\/wp-json\/wp\/v2\/evento\/9602"}],"collection":[{"href":"https:\/\/ocaa.org.br\/es\/wp-json\/wp\/v2\/evento"}],"about":[{"href":"https:\/\/ocaa.org.br\/es\/wp-json\/wp\/v2\/types\/evento"}],"wp:attachment":[{"href":"https:\/\/ocaa.org.br\/es\/wp-json\/wp\/v2\/media?parent=9602"}],"curies":[{"name":"wp","href":"https:\/\/api.w.org\/{rel}","templated":true}]}}

Acuerdo UE &#8211; Mercosur &#8211; ¿por qué Brasil necesita medidas concretas contra la deforestación?

<p>El panel analiza las correlaciones entre el debate de la Unión Europea sobre el Green Deal, las negociaciones con Mercosur y el escenario de emergencia climática global.</p>
