{"id":10659,"date":"2021-02-01T19:53:51","date_gmt":"2021-02-01T22:53:51","guid":{"rendered":"https:\/\/ocaa.org.br\/?post_type=publicacao&#038;p=10659"},"modified":"2021-03-26T10:09:19","modified_gmt":"2021-03-26T13:09:19","slug":"mapeamento-dos-retrocessos-e-transparencia-e-participacao-social-na-politica-ambiental-brasileira-2019-e-2020","status":"publish","type":"publicacao","link":"https:\/\/ocaa.org.br\/es\/publicacao\/mapeamento-dos-retrocessos-e-transparencia-e-participacao-social-na-politica-ambiental-brasileira-2019-e-2020\/","title":{"rendered":"Mapeamento dos retrocessos e transpar\u00eancia e participa\u00e7\u00e3o social na pol\u00edtica ambiental brasileira &#8211; 2019 e 2020"},"content":{"rendered":"<p>Este estudio ofrece un panorama de los principales retrocesos ocurridos desde principios de 2019 en las pol\u00edticas ambientales<br \/>\nsobre transparencia y participaci\u00f3n social.<\/p>\n","protected":false},"featured_media":9884,"template":"","tags":[128,151,390,388,389,391],"tipo":[],"translation":{"provider":"WPGlobus","version":"2.7.3","language":"es","enabled_languages":["br","en","es"],"languages":{"br":{"title":true,"content":true,"excerpt":false},"en":{"title":true,"content":true,"excerpt":false},"es":{"title":true,"content":true,"excerpt":false}}},"_links":{"self":[{"href":"https:\/\/ocaa.org.br\/es\/wp-json\/wp\/v2\/publicacao\/10659"}],"collection":[{"href":"https:\/\/ocaa.org.br\/es\/wp-json\/wp\/v2\/publicacao"}],"about":[{"href":"https:\/\/ocaa.org.br\/es\/wp-json\/wp\/v2\/types\/publicacao"}],"wp:featuredmedia":[{"embeddable":true,"href":"https:\/\/ocaa.org.br\/es\/wp-json\/wp\/v2\/media\/9884"}],"wp:attachment":[{"href":"https:\/\/ocaa.org.br\/es\/wp-json\/wp\/v2\/media?parent=10659"}],"wp:term":[{"taxonomy":"post_tag","embeddable":true,"href":"https:\/\/ocaa.org.br\/es\/wp-json\/wp\/v2\/tags?post=10659"},{"taxonomy":"tipo","embeddable":true,"href":"https:\/\/ocaa.org.br\/es\/wp-json\/wp\/v2\/tipo?post=10659"}],"curies":[{"name":"wp","href":"https:\/\/api.w.org\/{rel}","templated":true}]}}

Mapeamento dos retrocessos e transparência e participação social na política ambiental brasileira &#8211; 2019 e 2020

<p>Este estudio ofrece un panorama de los principales retrocesos ocurridos desde principios de 2019 en las políticas ambientales<br />
sobre transparencia y participación social.</p>
